pose -8*c = -10*c - 4*i + 3464, 4*c = 3*i + 6906. List the prime factors of c.
2, 3
Let x = 8769 + -2604. What are the prime factors of x?
3, 5, 137
Let n(w) = -w**2 - 6*w + 1. Let b be n(-5). Let s(z) = -5*z + 2*z**2 + 4 - 2*z - b*z + 4*z. List the prime factors of s(6).
2, 11
Suppose k - 5*k = 60. Let q be (7/(84/(-8)))/((-2)/(-15)). What are the prime factors of (-2)/q - 39/k?
3
Let o be -2 + (-1 - (-3)/6)*-12. Suppose -227 = -o*v - 39. List the prime factors of v.
47
Let f = 13 - 8. Suppose -v = -5, f*w = 2*w + v + 16. List the prime factors of 11/(-4)*(-15 + w).
2, 11
Let j(i) = -3*i + 2. Let g be j(-1). Suppose g*y + 165 = p + 4*p, -5*y + 195 = 5*p. List the prime factors of p.
2, 3
Let f(w) = w**3 + 29*w**2 - 23*w - 68. What are the prime factors of f(-29)?
599
Let b = 95 + 181. Let k = 121 - b. List the prime factors of (-3)/(4 - k/(-38)).
2, 19
Let k = 39 - 36. Let u = 39 - k. List the prime factors of u.
2, 3
Let j = -15 + 20. Suppose -12 = -5*a + 13. Suppose 0*t = a*z + 2*t - 215, 43 = z - j*t. List the prime factors of z.
43
What are the prime factors of 80/360 - (2 - 1204/9)?
2, 3, 11
Let w = 507 + 231. List the prime factors of w.
2, 3, 41
Suppose -2*z + 1120 = u, 5*u - 2874 - 2733 = -3*z. List the prime factors of u.
2, 3, 11, 17
Suppose 14 = s - 5*y, 7*y = 2*y - 10. Suppose -o - 183 = -s*o. Suppose 0 = -5*d + r - 2*r + o, -2*d = -5*r - 46. What are the prime factors of d?
13
Suppose 6*g + 11 = 53. Suppose -g*a + 114 = -a. List the prime factors of a.
19
Let l(c) = 3*c**3 - 3*c**2 + 5*c - 7. Let p be l(2). Suppose 25 + p = 8*z. Suppose -3*y = a - 24, z*a - 220 = -2*y + 7*y. List the prime factors of a.
3, 13
Suppose r = -4*n + 11, 2*n - 2*r - 8 - 10 = 0. Suppose -3*i + b + 211 = -i, -i + n*b + 95 = 0. List the prime factors of i.
107
Let f = 53 + -59. List the prime factors of 284 - 10*3/f.
17
What are the prime factors of 2*(179186/196 + (-6)/(-21))?
31, 59
Let m(l) = 18*l**2 + 1 + 28*l - 1 + 0 + l**3 - 6. List the prime factors of m(-16).
2, 29
Let u be (-1 + 4 + -1)/((-26)/(-39)). Suppose -h + 103 = -4*o, -2*o = -u*o - 5. What are the prime factors of h?
83
Suppose -266 = -5*m - 176. What are the prime factors of m?
2, 3
List the prime factors of (-115)/((-6)/(-9)*6/(-4)).
5, 23
Let f be (-2*84/(-8))/((-6)/4). Let x = 53 + f. List the prime factors of x.
3, 13
Let x(j) = 124*j**2 - 2*j - 14. What are the prime factors of x(-3)?
2, 277
Suppose 0 = -143*n + 145*n - 44976. What are the prime factors of (-2)/(-19) + n/76?
2, 37
Suppose 0 = -5*s + 6*s - 162. Let j = -89 + s. What are the prime factors of j?
73
Let b = -25 - -28. Suppose 0 = 4*f - 7*f + k + 119, -b*f = -2*k - 115. List the prime factors of f.
41
Let s(l) be the second derivative of -l**5/10 + l**3/2 + l**2 - 6*l. Let q be s(-2). Suppose 0 = -5*u + q + 8. What are the prime factors of u?
2
List the prime factors of 224730/85 - 1*10/(-85).
2, 661
Let k = -138 + 44. Let o = 154 + k. List the prime factors of o.
2, 3, 5
Let g(p) = -2*p. Let y be g(-1). Suppose y*f = 5*s + 92, 5*f - 240 - 7 = 4*s. List the prime factors of f.
3, 17
Let h(t) = 6*t**3 - 3*t**2 + 2. Let y be h(1). Suppose 8 = 4*n - 2*n, 3*n = -y*g + 637. What are the prime factors of g?
5
Let q = -22 + 36. Let j = -7 + q. Suppose -j*m = -5*u - 2*m + 20, -3*u - 5*m + 36 = 0. What are the prime factors of u?
7
Suppose 0 = -6*r + 2*r - 7152. What are the prime factors of r/(-33) + 4/(-22)?
2, 3
Suppose -w + 2*t + 56 = 0, -w = 4*w + 2*t - 292. Let g(a) = a**2 - a + 9. Let s be g(-4). Let z = w - s. List the prime factors of z.
29
Let s(g) = -6 - 5*g + 2*g + 7*g + 2*g. List the prime factors of s(13).
2, 3
Let x = -12 + -72. Let z(k) = 4*k**2 + 9*k + 5. Let g be z(-7). Let w = x + g. List the prime factors of w.
2, 3
What are the prime factors of 7/((-7)/(-196)*4/62)?
2, 7, 31
Let n(b) = b**3 + 4*b**2 - 8*b - 18. Let c be n(-5). List the prime factors of (5 + c)*(36 + 1).
2, 37
Suppose 0 = 52*a + 72665 - 325385. List the prime factors of a.
2, 3, 5
Suppose 20 - 14 = 3*z. Suppose -37 = -z*q - 3. List the prime factors of q.
17
Let d be 2/3 - (-12)/(-18). Suppose -4*m - 5*r - 22 = d, 0 = -3*m + r - 12 + 5. List the prime factors of m/(-9)*3*13.
13
Let h(g) = g**2 - 18*g + 2. Let t be h(18). Suppose d = t*i - 68, -8 = -d - d. What are the prime factors of i?
2, 3
Let q = 1011 + -710. Suppose -8*i - 1637 = -q. Let c = -114 - i. What are the prime factors of c?
53
Let s(v) = 4*v**2 - 14*v + 59. List the prime factors of s(11).
389
List the prime factors of 1 + 473 + (-15)/(-3) + -4.
5, 19
Let o(g) = 6*g**2 + 1. Let l be (-2)/18 + 1095/135. Suppose l = n + 10. What are the prime factors of o(n)?
5
Suppose -117 + 11701 = 8*j. List the prime factors of j.
2, 181
Let r = -526 + 1198. What are the prime factors of r?
2, 3, 7
Let g(b) = b**2 - 12*b + 5. Let c be g(7). List the prime factors of (-10)/c*(-4 - -1)*-150.
2, 3, 5
Let f(l) = 3*l**2 - 26*l - 261. List the prime factors of f(18).
3
Suppose -1050*s + 1054*s + 36 = 0. Let t(i) be the third derivative of -i**5/60 - 13*i**4/24 - i**3/2 - i**2. What are the prime factors of t(s)?
3, 11
Let u = -163 + 472. List the prime factors of u.
3, 103
Suppose -16*a = -21*a + 30. Suppose 5*r + a = 1. List the prime factors of (r/(-4))/((-1)/(-212)).
53
Let d = -44 - -74. Let o = d + -23. Let z(b) = b**2 - 4*b + 6. List the prime factors of z(o).
3
Let q(x) be the third derivative of -x**5/60 - x**4/3 + x**3/2 - 6*x**2. Let f be q(-8). Suppose -9 = -f*v - 0. List the prime factors of v.
3
Let h(d) = 6*d**2 + 48*d + 33. List the prime factors of h(-16).
3, 89
Let x(g) = 11*g + g**3 - 16*g + 2 - 2*g**2 + 10*g**2 + 1. What are the prime factors of x(-5)?
103
Suppose -2735 = -4*p - 5*l, -3*p + l + 1327 = -710. List the prime factors of p.
2, 5, 17
Let c = -5853 + 9292. List the prime factors of c.
19, 181
Suppose 5*g - 64 = -3*i, 4*g + 73 = i + 2*i. Let j be (-116)/(-20) - 6 - 636/(-5). Suppose 5*f - 3*b - i = 80, -5*f - 3*b + j = 0. List the prime factors of f.
23
Let u be ((-4)/(-3))/(6/9). Suppose -18 = u*n + 4. Let s = n - -16. List the prime factors of s.
5
Let b = -1 - -3. Suppose 2*d - l + b*l = 303, 1 = l. List the prime factors of d.
151
Let x = 20 + -20. Suppose x = k + 2 - 68. Suppose -4*l = -2*f + k, -6*l = -3*l - 15. List the prime factors of f.
43
Let n(w) = 1320*w**2 - 30*w - 58. List the prime factors of n(-2).
2, 19, 139
Let r be 59 + (-1*1)/((-1)/3). Let c = 104 - r. What are the prime factors of c?
2, 3, 7
Let j = -1122 + 2565. List the prime factors of j.
3, 13, 37
Let n(a) = -10*a**3. Let z be n(1). Let p be 12/60 - 28/z. Suppose l - 7*j + p*j - 19 = 0, -2*j = -4*l + 34. List the prime factors of l.
7
Let p = 16 + 0. Let z be ((-3)/(-2))/((-3)/(-30)). List the prime factors of (-12)/p*-4 + z.
2, 3
Let w(m) = m + 35. Let r be w(-21). Suppose r*n - 5*n - 774 = 0. What are the prime factors of n?
2, 43
Suppose -3*k + 658 = -2*j, 4*j = 4*k + 3*j - 874. Suppose 2*r + r - k = -4*g, -5*r = -3*g - 315. What are the prime factors of r?
2, 3, 11
Suppose -8320 = 11*h - 21*h. What are the prime factors of h?
2, 13
Suppose -5 = o, 4*o = -2*v + 7*v - 1160. Suppose 4*g - 2*j - v = 0, -7*j - 122 = -2*g - 2*j. Let b = -9 + g. What are the prime factors of b?
47
Let v(l) = 2*l - 6. Let h be v(5). Suppose s - 2*y = -3*y - h, 12 = -3*s + 2*y. List the prime factors of (62/s)/((-2)/4).
31
Let a = -1870 - -2377. What are the prime factors of a?
3, 13
Suppose 2*l - 2*s - 2330 - 1888 = 0, 0 = -2*l - 5*s + 4253. What are the prime factors of l?
2, 7, 151
Suppose l - a + 12 = 6*l, -2*a = -4. Suppose -l*z - 140 = -5*k - 12, 4*k - 99 = 5*z. List the prime factors of k.
2, 13
Let v = 434 + -126. Let j = -196 + v. What are the prime factors of j?
2, 7
Suppose -9*s = -17909 + 3707. List the prime factors of s.
2, 3, 263
Let f = 5117 - 1680. List the prime factors of f.
7, 491
Let f be 27 - 26 - (-2)/2. What are the prime factors of (f - 140/5)/(-2)?
13
Let k = 6792 - 4266. List the prime factors of k.
2, 3, 421
Suppose -298*c - 24736 = -306*c. List the prime factors of c.
2, 773
Let v = 30 + -30. Suppose 9*x - 6*x - 147 = v. List the prime factors of x.
7
Let s be (4/(-6))/((1 + -5)/36). List the prime factors of (14/(-21))/(4/s) - -45.
2, 11
Let y be 36/10 + (-2)/(-5). Suppose 3*s = y*s +